{"id":1001,"date":"2022-01-19T21:55:14","date_gmt":"2022-01-19T21:55:14","guid":{"rendered":"https:\/\/startertemplatecloud.com\/g33\/cart\/"},"modified":"2026-03-03T15:14:03","modified_gmt":"2026-03-03T14:14:03","slug":"cart","status":"publish","type":"page","link":"https:\/\/durandal.fr\/index.php\/cart\/","title":{"rendered":"Panier"},"content":{"rendered":"\n<p>Pour toute commande sup\u00e9rieure \u00e0 <strong>100 kg<\/strong>, nos tarifs standards de livraison ne s&rsquo;appliquent plus. Merci de nous contacter pour obtenir un devis de transport personnalis\u00e9. <a href=\"https:\/\/durandal.fr\/index.php\/contact-2\/\" type=\"page\" id=\"986\">Nous contacter<\/a>.<\/p>\n\n\n\n\n\n\n<p><\/p>\n","protected":false},"excerpt":{"rendered":"<p>Pour toute commande sup\u00e9rieure \u00e0 100 kg, nos tarifs standards de livraison ne s&rsquo;appliquent plus. Merci de nous contacter pour obtenir un devis de transport personnalis\u00e9. Nous contacter.<\/p>\n","protected":false},"author":1,"featured_media":0,"parent":0,"menu_order":0,"comment_status":"closed","ping_status":"closed","template":"","meta":{"_kadence_starter_templates_imported_post":true,"_kad_post_transparent":"","_kad_post_title":"","_kad_post_layout":"","_kad_post_sidebar_id":"","_kad_post_content_style":"","_kad_post_vertical_padding":"","_kad_post_feature":"","_kad_post_feature_position":"","_kad_post_header":false,"_kad_post_footer":false,"_kad_post_classname":"","footnotes":""},"class_list":["post-1001","page","type-page","status-publish","hentry"],"yoast_head":"<!-- This site is optimized with the Yoast SEO plugin v27.1 - https:\/\/yoast.com\/product\/yoast-seo-wordpress\/ -->\n<title>Panier - Durandal - Mortier Expansif fabriqu\u00e9 en France<\/title>\n<meta name=\"robots\" content=\"index, follow, max-snippet:-1, max-image-preview:large, max-video-preview:-1\" \/>\n<link rel=\"canonical\" href=\"https:\/\/durandal.fr\/index.php\/cart\/\" \/>\n<meta property=\"og:locale\" content=\"fr_FR\" \/>\n<meta property=\"og:type\" content=\"article\" \/>\n<meta property=\"og:title\" content=\"Panier - Durandal - Mortier Expansif fabriqu\u00e9 en France\" \/>\n<meta property=\"og:description\" content=\"Pour toute commande sup\u00e9rieure \u00e0 100 kg, nos tarifs standards de livraison ne s&rsquo;appliquent plus. Merci de nous contacter pour obtenir un devis de transport personnalis\u00e9. Nous contacter.\" \/>\n<meta property=\"og:url\" content=\"https:\/\/durandal.fr\/index.php\/cart\/\" \/>\n<meta property=\"og:site_name\" content=\"Durandal - Mortier Expansif fabriqu\u00e9 en France\" \/>\n<meta property=\"article:publisher\" content=\"https:\/\/www.facebook.com\/profile.php?id=100095299695286\" \/>\n<meta property=\"article:modified_time\" content=\"2026-03-03T14:14:03+00:00\" \/>\n<meta name=\"twitter:card\" content=\"summary_large_image\" \/>\n<meta name=\"twitter:label1\" content=\"Dur\u00e9e de lecture estim\u00e9e\" \/>\n\t<meta name=\"twitter:data1\" content=\"1 minute\" \/>\n<script type=\"application\/ld+json\" class=\"yoast-schema-graph\">{\"@context\":\"https:\/\/schema.org\",\"@graph\":[{\"@type\":\"WebPage\",\"@id\":\"https:\/\/durandal.fr\/index.php\/cart\/\",\"url\":\"https:\/\/durandal.fr\/index.php\/cart\/\",\"name\":\"Panier - Durandal - Mortier Expansif fabriqu\u00e9 en France\",\"isPartOf\":{\"@id\":\"https:\/\/durandal.fr\/#website\"},\"datePublished\":\"2022-01-19T21:55:14+00:00\",\"dateModified\":\"2026-03-03T14:14:03+00:00\",\"breadcrumb\":{\"@id\":\"https:\/\/durandal.fr\/index.php\/cart\/#breadcrumb\"},\"inLanguage\":\"fr-FR\",\"potentialAction\":[{\"@type\":\"ReadAction\",\"target\":[\"https:\/\/durandal.fr\/index.php\/cart\/\"]}]},{\"@type\":\"BreadcrumbList\",\"@id\":\"https:\/\/durandal.fr\/index.php\/cart\/#breadcrumb\",\"itemListElement\":[{\"@type\":\"ListItem\",\"position\":1,\"name\":\"Accueil\",\"item\":\"https:\/\/durandal.fr\/\"},{\"@type\":\"ListItem\",\"position\":2,\"name\":\"Panier\"}]},{\"@type\":\"WebSite\",\"@id\":\"https:\/\/durandal.fr\/#website\",\"url\":\"https:\/\/durandal.fr\/\",\"name\":\"Durandal - Mortier Expansif fabriqu\u00e9 en France\",\"description\":\"Ciment expansif pour la d\u00e9molition des roches\",\"publisher\":{\"@id\":\"https:\/\/durandal.fr\/#organization\"},\"potentialAction\":[{\"@type\":\"SearchAction\",\"target\":{\"@type\":\"EntryPoint\",\"urlTemplate\":\"https:\/\/durandal.fr\/?s={search_term_string}\"},\"query-input\":{\"@type\":\"PropertyValueSpecification\",\"valueRequired\":true,\"valueName\":\"search_term_string\"}}],\"inLanguage\":\"fr-FR\"},{\"@type\":\"Organization\",\"@id\":\"https:\/\/durandal.fr\/#organization\",\"name\":\"Durandal - Mortier Expansif pour d\u00e9molition roche et b\u00e9ton\",\"url\":\"https:\/\/durandal.fr\/\",\"logo\":{\"@type\":\"ImageObject\",\"inLanguage\":\"fr-FR\",\"@id\":\"https:\/\/durandal.fr\/#\/schema\/logo\/image\/\",\"url\":\"https:\/\/durandal.fr\/wp-content\/uploads\/2022\/09\/cropped-Capture-decran-2015-07-01-a-17.34.40.png\",\"contentUrl\":\"https:\/\/durandal.fr\/wp-content\/uploads\/2022\/09\/cropped-Capture-decran-2015-07-01-a-17.34.40.png\",\"width\":922,\"height\":180,\"caption\":\"Durandal - Mortier Expansif pour d\u00e9molition roche et b\u00e9ton\"},\"image\":{\"@id\":\"https:\/\/durandal.fr\/#\/schema\/logo\/image\/\"},\"sameAs\":[\"https:\/\/www.facebook.com\/profile.php?id=100095299695286\",\"https:\/\/www.youtube.com\/@durandal3345\"]}]}<\/script>\n<!-- \/ Yoast SEO plugin. -->","yoast_head_json":{"title":"Panier - Durandal - Mortier Expansif fabriqu\u00e9 en France","robots":{"index":"index","follow":"follow","max-snippet":"max-snippet:-1","max-image-preview":"max-image-preview:large","max-video-preview":"max-video-preview:-1"},"canonical":"https:\/\/durandal.fr\/index.php\/cart\/","og_locale":"fr_FR","og_type":"article","og_title":"Panier - Durandal - Mortier Expansif fabriqu\u00e9 en France","og_description":"Pour toute commande sup\u00e9rieure \u00e0 100 kg, nos tarifs standards de livraison ne s&rsquo;appliquent plus. Merci de nous contacter pour obtenir un devis de transport personnalis\u00e9. Nous contacter.","og_url":"https:\/\/durandal.fr\/index.php\/cart\/","og_site_name":"Durandal - Mortier Expansif fabriqu\u00e9 en France","article_publisher":"https:\/\/www.facebook.com\/profile.php?id=100095299695286","article_modified_time":"2026-03-03T14:14:03+00:00","twitter_card":"summary_large_image","twitter_misc":{"Dur\u00e9e de lecture estim\u00e9e":"1 minute"},"schema":{"@context":"https:\/\/schema.org","@graph":[{"@type":"WebPage","@id":"https:\/\/durandal.fr\/index.php\/cart\/","url":"https:\/\/durandal.fr\/index.php\/cart\/","name":"Panier - Durandal - Mortier Expansif fabriqu\u00e9 en France","isPartOf":{"@id":"https:\/\/durandal.fr\/#website"},"datePublished":"2022-01-19T21:55:14+00:00","dateModified":"2026-03-03T14:14:03+00:00","breadcrumb":{"@id":"https:\/\/durandal.fr\/index.php\/cart\/#breadcrumb"},"inLanguage":"fr-FR","potentialAction":[{"@type":"ReadAction","target":["https:\/\/durandal.fr\/index.php\/cart\/"]}]},{"@type":"BreadcrumbList","@id":"https:\/\/durandal.fr\/index.php\/cart\/#breadcrumb","itemListElement":[{"@type":"ListItem","position":1,"name":"Accueil","item":"https:\/\/durandal.fr\/"},{"@type":"ListItem","position":2,"name":"Panier"}]},{"@type":"WebSite","@id":"https:\/\/durandal.fr\/#website","url":"https:\/\/durandal.fr\/","name":"Durandal - Mortier Expansif fabriqu\u00e9 en France","description":"Ciment expansif pour la d\u00e9molition des roches","publisher":{"@id":"https:\/\/durandal.fr\/#organization"},"potentialAction":[{"@type":"SearchAction","target":{"@type":"EntryPoint","urlTemplate":"https:\/\/durandal.fr\/?s={search_term_string}"},"query-input":{"@type":"PropertyValueSpecification","valueRequired":true,"valueName":"search_term_string"}}],"inLanguage":"fr-FR"},{"@type":"Organization","@id":"https:\/\/durandal.fr\/#organization","name":"Durandal - Mortier Expansif pour d\u00e9molition roche et b\u00e9ton","url":"https:\/\/durandal.fr\/","logo":{"@type":"ImageObject","inLanguage":"fr-FR","@id":"https:\/\/durandal.fr\/#\/schema\/logo\/image\/","url":"https:\/\/durandal.fr\/wp-content\/uploads\/2022\/09\/cropped-Capture-decran-2015-07-01-a-17.34.40.png","contentUrl":"https:\/\/durandal.fr\/wp-content\/uploads\/2022\/09\/cropped-Capture-decran-2015-07-01-a-17.34.40.png","width":922,"height":180,"caption":"Durandal - Mortier Expansif pour d\u00e9molition roche et b\u00e9ton"},"image":{"@id":"https:\/\/durandal.fr\/#\/schema\/logo\/image\/"},"sameAs":["https:\/\/www.facebook.com\/profile.php?id=100095299695286","https:\/\/www.youtube.com\/@durandal3345"]}]}},"_links":{"self":[{"href":"https:\/\/durandal.fr\/index.php\/wp-json\/wp\/v2\/pages\/1001","targetHints":{"allow":["GET"]}}],"collection":[{"href":"https:\/\/durandal.fr\/index.php\/wp-json\/wp\/v2\/pages"}],"about":[{"href":"https:\/\/durandal.fr\/index.php\/wp-json\/wp\/v2\/types\/page"}],"author":[{"embeddable":true,"href":"https:\/\/durandal.fr\/index.php\/wp-json\/wp\/v2\/users\/1"}],"replies":[{"embeddable":true,"href":"https:\/\/durandal.fr\/index.php\/wp-json\/wp\/v2\/comments?post=1001"}],"version-history":[{"count":5,"href":"https:\/\/durandal.fr\/index.php\/wp-json\/wp\/v2\/pages\/1001\/revisions"}],"predecessor-version":[{"id":2825,"href":"https:\/\/durandal.fr\/index.php\/wp-json\/wp\/v2\/pages\/1001\/revisions\/2825"}],"wp:attachment":[{"href":"https:\/\/durandal.fr\/index.php\/wp-json\/wp\/v2\/media?parent=1001"}],"curies":[{"name":"wp","href":"https:\/\/api.w.org\/{rel}","templated":true}]}}